t is the greatest common divisor of k and 84?
28
Let a be (-37720)/(-1400) - 4/(-70). Let y be 169/5 - 1/(-5). Let n = y - a. Calculate the highest common factor of 63 and n.
7
Let s be (3 - (-108)/(-42)) + ((-5997)/(-21) - -2). Calculate the greatest common divisor of s and 1746.
18
Let z(o) = -o**2 - 7*o + 16. Let p be z(-8). Suppose 0 = -72*s + 76*s - p. What is the greatest common divisor of 94 and s?
2
Let s = 28209 - 15187. What is the highest common factor of s and 17?
17
Suppose 127*l - 885 = -408 + 6127. Let s = -101 + 179. Calculate the highest common divisor of l and s.
26
Let u(h) = 2*h**3 - 32*h**2 - 27*h - 59. Let t be u(17). What is the greatest common factor of t and 1524?
12
Let g(y) = -y**3 - 53*y**2 - 42*y + 706. Let n be g(-52). Calculate the greatest common factor of 1984 and n.
62
Suppose -7*h + 2*h + 5*v = -1730, 2*h - 650 = -5*v. What is the greatest common divisor of 4505 and h?
85
Let i = 389 - 137. Suppose -5*x - 3*h + 648 - 42 = 0, -2*x + 2*h = -i. Calculate the highest common divisor of x and 164.
41
Suppose -6*x = -9*x + 318. Suppose -x + 35 = -3*m + v, -3*v = 5*m - 109. What is the highest common divisor of 1 and m?
1
Suppose -3*p + 2*x - 6*x = -165, -55 = -p + 2*x. Let j(f) = -f**2 + 5*f + 30. Let r be j(8). Let l = r + -1. What is the greatest common factor of p and l?
5
Suppose 49 + 108 = -u + k, -6 = -2*k. Let l = u - -175. Calculate the greatest common factor of l and 189.
21
Let b be (-1 - 236)*((-5)/3)/(-5). Let w = 115 + b. Suppose -10*c = -13*c + w. What is the highest common divisor of 9 and c?
3
Suppose -2*g + 160 + 962 = 0. Suppose 52*c + 8188 - 2026 - 14577 = -3*c. What is the greatest common divisor of g and c?
51
Let h be (-6)/33 + 9906/33. Suppose 20*f - 4*p = 17*f + 304, 3*f - h = 3*p. What is the highest common divisor of 12 and f?
12
Let x = -84 + 82. Let z be (4 + (-40)/15)*(31 - x). Calculate the highest common factor of z and 198.
22
Let a be (-39)/9 + 4 + 11/(-3). Let r be 3*2/(-12) - 82/a. Calculate the greatest common divisor of 320 and r.
20
Suppose -14*m = 23 - 9. Let d be -132 + 153 + 5*m*1. What is the highest common divisor of 8 and d?
8
Suppose 37*m - 4376 = 5037 - 3456. What is the highest common factor of m and 667?
23
Let a(u) = 4*u**2 + u. Let q = 8 + -6. Let j be a(q). Let v be 0 + -1 - (6 + -14 - 2). What is the highest common factor of j and v?
9
Let n be ((6 + 2)/2)/(2420/234135). Let z = -5 + 14. Calculate the greatest common factor of z and n.
9
Let y be (-21)/(-4) - (-3)/(-12). Let o(k) = k - 8. Let r be o(y). Let z be 4 - -2*(r + 4). What is the highest common divisor of 12 and z?
6
Let f be 540/(-60) - (-2032 - 1). What is the highest common divisor of 11 and f?
11
Let z(p) = -11*p**3 + 5*p**2 + 4*p - 2. Let y be z(-3). Calculate the highest common divisor of 8 and y.
8
Let l be (-84)/(-5)*(-40)/(-16). Suppose -32*g - 1840 = -l*g. Calculate the greatest common divisor of g and 23.
23
Let m = -16025 + 16975. Let z(k) = -18*k**3 + k**2 - k - 1. Let r be z(-1). Calculate the highest common divisor of m and r.
19
Suppose 0 = 3*k + 53 - 56. Let z = 166 - k. What is the greatest common factor of z and 15?
15
Let x = -4 - -6. Let i(z) = 5*z**2 + 234 - z - 231 - 18*z + z**x. Let m be i(6). What is the greatest common divisor of m and 15?
15
Suppose 0 = -5*q + 4*q + 5*i + 235, -2*q - 2*i = -482. Let y = q - 144. Let x be (12/2)/(2 - 1). What is the greatest common divisor of y and x?
6
Suppose -98*o - 5344 = -125*o + 2189. Suppose -3*y = -5*l - 73, 4*l + 1 = -2*y + 79. What is the highest common factor of y and o?
31
Let u(i) = 6*i + 33*i - 35 + 46*i. Let k be u(3). What is the greatest common factor of k and 20?
20
Suppose -358*j + 348*j = 0. Suppose -25*f - 195 + 3695 = j. Calculate the highest common divisor of f and 112.
28
Let g = 22944 + -5024. What is the highest common factor of g and 70?
70
Suppose -11*j + 35*j + 3063 = 9015. What is the highest common divisor of j and 7254?
62
Suppose -7*b + 10*b - 5*q + 226 = 0, 0 = -b + 2*q - 75. Let u = 302 + b. Calculate the greatest common factor of u and 9.
9
Suppose 2*a + i = 16, -5*a + 43 = 3*i + i. Suppose -2*x - 152 = 3*y - 427, y - 96 = -5*x. Calculate the highest common factor of a and y.
7
Let h(y) = 56*y**3 + 37*y**2 + 14*y. Let u be h(5). What is the greatest common factor of 123 and u?
123
Suppose -19*c = 3093 - 19205. Suppose 24*v - c = -29*v. Let i(g) = 53*g**2 - g - 2. Let h be i(2). Calculate the greatest common divisor of v and h.
16
Suppose -m - 5*a = 17, -6*a + 5 = -m - 8*a. Suppose -m*t - 247 = -292. Suppose 0*d = 5*d - 75. What is the highest common divisor of d and t?
15
Let f(w) = w**2 + 4*w + 3. Let d be f(-3). Let i be -2*(d + 148/(-8)). Suppose 16*v - 28*v = -4884. What is the greatest common divisor of v and i?
37
Let s(j) = j**3 + 15*j**2 + 15*j + 18. Let u be s(-14). Suppose -x + 3*x - u*i = 536, -x - 5*i = -282. Calculate the greatest common divisor of x and 17.
17
Let w(m) = 11*m**3 + m**2 - 3*m + 2. Let k be w(1). Suppose -2*x + 23 + 175 = 0. What is the highest common factor of x and k?
11
Let w = 11 - 2. Let v = -1600 + 954. Let a = -547 - v. Calculate the highest common factor of w and a.
9
Suppose 0 = z - 4*s - 784, -5552 = -15*z + 8*z - 4*s. Calculate the greatest common factor of z and 4950.
198
Let r(j) be the first derivative of 9*j**2/2 - 168*j + 81. Let f be r(32). What is the highest common divisor of f and 90?
30
Let d be -10 - 1*-2 - (-202 - -170). Calculate the highest common divisor of d and 6296.
8
Let v be ((-121)/(-33))/(-11)*441/(-1). What is the highest common factor of 196 and v?
49
Let q(x) = -x**3 + 13*x**2 - 9*x - 48. Suppose -33 = 28*l - 31*l. Let b be q(l). What is the highest common divisor of 10 and b?
5
Suppose -5*k = -4*s + 1680, 79*s + 3*k + 2100 = 84*s. Calculate the highest common factor of s and 132.
12
Let u be (-17 + 3)*1/2*-13. Let w be 740/35 - (-14)/(-98). Calculate the highest common factor of w and u.
7
Let s = 7945 - 5995. What is the highest common factor of 1 and s?
1
Suppose -117 = -4*k + 55. Suppose 13*r = k + 542. Let z be (-1 + 1 - 2) + 11. What is the greatest common divisor of r and z?
9
Suppose 5*w - 3*j = 7386, -5*w + 7380 = -24*j + 19*j. Calculate the highest common divisor of 714 and w.
51
Suppose -11807 = 162*z - 84221. What is the greatest common divisor of 1 and z?
1
Let x = -4589 + 4633. Calculate the greatest common factor of x and 8.
4
Let l(g) = 5*g**2 - g. Let h be l(-1). Let q(i) = -3*i**2 - 120*i + 15. Let a = 226 - 266. Let b be q(a). Calculate the highest common factor of b and h.
3
Suppose 537 = 2*f - 3*f. Let w = -512 - f. What is the greatest common divisor of w and 275?
25
Suppose -122 + 410 = 2*h + 5*y, -4*h + 2*y = -576. What is the greatest common divisor of 512 and h?
16
Suppose -3*t = -1 - 47. Suppose 31*a - 33*a - 100 = 0. Let o = -42 - a. Calculate the highest common factor of t and o.
8
Suppose 0 = 4*m - 17 - 55. Suppose -4*l + m = 2. Suppose 4*s + 4*q - 18 = 3*s, 0 = -s + l*q + 26. What is the highest common factor of 44 and s?
22
Let b = -90 + 243. Let v(r) = 0 - r - 3*r**2 + r**2 - 3 + 3*r**2. Let s be v(-4). What is the highest common factor of s and b?
17
Let y(o) = 18*o - 1398. Let l be y(85). What is the highest common divisor of l and 5412?
132
Suppose 4*y + 2*h = 24, -4*h + 2*h = -4*y + 32. Let w be -3 + (3/5)/(y/175). What is the highest common factor of w and 4?
4
Let u be 16998/5 + (-20 - (-56)/40 - -18). What is the highest common divisor of 143 and u?
11
Suppose 40361 - 7185 = 144*r + 233*r. What is the greatest common factor of 3707 and r?
11
Let f(w) = -w**2 - 6*w - 7. Let q be f(-4). Suppose 2*x - q = 13. Suppose -345 = 4*l - x*l. What is the highest common divisor of l and 23?
23
Suppose 0 = 14*o - 7*o + 105. Let k be (-16)/(-12)*o/(-20). Suppose -9 - 26 = -5*p. Calculate the greatest common factor of k and p.
1
Let f(w) = -1. Let j(y) = 39*y + 34. Let z(g) = 2*f(g) - j(g). Let t be z(-14). Calculate the greatest common divisor of 51 and t.
51
Let o(k) = -2*k**2 - 5*k + 28. Let b be o(-7). Let i be 225/b + 6 - (-5784)/21. Calculate the greatest common divisor of 55 and i.
55
Suppose 6*c - 2*f = 4*c + 98, -4*c = 5*f - 250. Calculate the greatest common divisor of c and 2739.
11
Suppose 1181*w = 1162*w 